68/12. What is the greatest common divisor of 105 and r?
35
Suppose 5*y + 16 = -2*z, -15 = 5*z - 2*y - 4. Let f(l) = 201*l**2 + 9*l + 31. Let j be f(z). What is the greatest common factor of 49 and j?
49
Let l = 162 - 114. Let r = -18 + l. Let c(x) = 46*x**2 + 3*x + 2. Let m be c(-1). Calculate the greatest common divisor of r and m.
15
Suppose -2*y + 3*y = 2*n - 61, -2*y = 2. Let r be ((-2)/2 + 10)/((-5)/n). Let j = -48 - r. Calculate the greatest common divisor of j and 3.
3
Let t(q) = 4*q**3 - 135*q**2 + 217*q. Let l be t(33). Calculate the greatest common divisor of 18 and l.
6
Suppose 16 = -4*h, 4*k + 100 = -h - 28. Suppose -834 = -2*b - 878. Let t = b - k. What is the greatest common factor of 27 and t?
9
Let c be (3 + 0 - 2) + -6. Let d = c - -15. Suppose -d*i + 511 = -89. Calculate the highest common divisor of i and 15.
15
Suppose 60 = 3*r + 2*r. Let p = -127 - -146. Suppose 24 = -17*m + p*m. Calculate the greatest common factor of m and r.
12
Suppose -371 = p - 8*p. Let h be (14/(-10) - -1)/(p/(-265)). Let r(q) = q**3 + 4*q**2 - 4*q + 7. Let x be r(-5). What is the highest common divisor of h and x?
2
Let t(l) = 4*l**2 + 186*l + 1051. Let a be t(-40). Calculate the greatest common factor of a and 9977.
11
Let a be (31/62)/((-4)/(-800)). Calculate the highest common factor of 750 and a.
50
Let y(m) = m + 23. Let v be y(-18). Let u be (-4 - -5)/(1/v). Suppose x - 180 = -u*l - 11, -2*l + 5*x = -46. What is the highest common divisor of l and 11?
11
Let k be (-264)/36*((-168)/7)/4. What is the highest common factor of 8855 and k?
11
Let h(w) = -w**2 + 12*w + 2683. Let c be h(58). Suppose 3*a - 2*f - 21 = 2*f, -5*a + 12 = f. What is the highest common divisor of c and a?
3
Suppose 1172*j - 475 = 1153*j. Calculate the greatest common factor of 2600 and j.
25
Suppose 0*s - 2*s + 154 = 0. Suppose 5*d - 1157 = 43*f - 41*f, 5*d - 1153 = -2*f. Calculate the greatest common divisor of d and s.
77
Let a(x) = -x**2 + 29*x - 114. Let m be a(24). Suppose 44 = l - 4*z, -5*l - 3*z - 45 = -m*l. What is the greatest common divisor of 36 and l?
12
Let u be (39/5)/((-2)/(-50)). Suppose 3*w - 2*d = -215 + 434, -4*d - 63 = -w. What is the greatest common factor of w and u?
15
Let y(x) = -x**3 - 11*x**2 + 15*x - 107. Let a be y(-13). Let c(t) = -t**2 - 25*t + 54. Let m be c(-22). What is the greatest common divisor of m and a?
12
Let a(p) = 2*p**3 - 8*p**2 - 156*p + 680. Let y be a(4). What is the highest common factor of y and 350?
14
Let v(n) = 8 - 20 + 9 + 24 - 2*n**3 + 28*n + 18*n**2 + 3*n**3. Let g be v(-12). What is the greatest common divisor of g and 9?
9
Suppose -12*r + 37624 = 17*r + 1142. Calculate the highest common factor of 74 and r.
74
Let r be (27 + (-561)/55)/(1/10). Calculate the greatest common divisor of 13272 and r.
168
Let p be ((-75)/125)/(7/(-61845)). What is the highest common divisor of p and 171?
171
Suppose -30491 - 57320 - 8681 = -86*i. What is the greatest common factor of i and 306?
102
Suppose -3*i = 12, -6*g + 4*i + 31 = -3*g. Suppose -3*s + g*z + 176 = z, -241 = -4*s - z. What is the greatest common factor of 24 and s?
12
Let g = 141 - 142. Let z be (2/(-5))/(g/(-5)) + 123. Calculate the highest common factor of z and 11.
11
Let j(q) = -3*q**2 + 37*q - 13. Let h be j(11). Suppose -11 + 41 = 2*g. Let r = h - g. Calculate the greatest common factor of 8 and r.
8
Let q be 9/1*((-1064)/(-21) + -4). Calculate the greatest common factor of q and 15.
15
Suppose 2*j = 0, 0*u + 12 = 4*u - 5*j. Suppose 0 = 6*h - u*h. Suppose -5*p + 612 + 268 = h. Calculate the highest common divisor of p and 16.
16
Let f(j) = 15 - 31 - 14 - 2*j. Let x be f(-17). Suppose 2*q - 5*u = q + 13, 5*q - 86 = x*u. What is the highest common factor of 2 and q?
2
Suppose -22*g + 29*n - 34*n + 245 = 0, -35 = -g - 5*n. What is the highest common factor of g and 334?
2
Suppose 4*p + 141 = 1. Let y = -88 + 59. Let u = y - p. What is the highest common factor of u and 9?
3
Let n(h) = -127*h - 1232. Let t be n(-26). Calculate the greatest common divisor of t and 135.
45
Let h = 31 - 24. Suppose -h - 58 = -5*s. Suppose 0 = -3*m + s*m - 1350. Calculate the highest common factor of m and 15.
15
Suppose 45295*c - 540 = 45277*c + 1188. Calculate the greatest common divisor of c and 24544.
32
Let q be (658/(-10))/((-49)/490). What is the greatest common divisor of 98 and q?
14
Let p(b) = -b - 2. Let x be p(-5). Suppose 5*r - 131 = -66*t + 62*t, -4*r = -4*t - 76. What is the highest common factor of x and r?
1
Let p be ((-24)/(-2) + -2)*1. Suppose -u = -2*o - 298, -4*o = -105*u + 101*u + 1156. What is the greatest common divisor of u and p?
10
Suppose -3*l + 144 = -l. Let x = 25739 + -25271. What is the greatest common factor of x and l?
36
Suppose -3*h - 58054 = 4*i - 194202, -5*h = i - 226936. What is the greatest common divisor of h and 28?
28
Let l = 128 - 106. Let g(u) = -u**3 + 21*u**2 + 25*u + 21. Let o be g(l). What is the highest common factor of 6 and o?
3
Let n(l) = -l**3 + l**2 + 2*l - 5. Let j be n(-2). Let h be 500/150*j/2. What is the greatest common divisor of h and 115?
5
Let h = 923 + -894. Calculate the highest common factor of 7192 and h.
29
Suppose 3*z - 5*m = 4855, 4815 = 3*z + 2*m + m. Suppose -j - z = -15*j. What is the greatest common divisor of 23 and j?
23
Suppose -103*s + 77362 + 7284 = 1010. Suppose 0 = 4*a - a - 4*g - 100, -3*a = -3*g - 96. What is the greatest common factor of a and s?
28
Suppose -1292*j + 1290*j = 4. Let g be ((-50)/3)/(35/21 + j). Calculate the greatest common factor of g and 2.
2
Suppose 4130 - 1020 = 3*g + 5*t, 5*t = -g + 1050. Calculate the greatest common factor of 30 and g.
10
Suppose -201*r - 23030 = -229*r + 11550. What is the greatest common divisor of 1805 and r?
95
Suppose 1083 - 302 = 11*k. Let f = 94 + k. Calculate the highest common divisor of f and 60.
15
Let j = 350 - -738. Calculate the highest common factor of 170 and j.
34
Let l be (4/(-18) - 25/9)*2160/(-54). Calculate the highest common divisor of l and 7000.
40
Suppose -1514*r + 192 = -1508*r. Calculate the greatest common factor of 2864 and r.
16
Let p be 5/(-10)*1*346. Let t = 203 + p. What is the greatest common factor of 6 and t?
6
Let l(k) = 105*k**2 + 80*k + 15. Let n be l(-2). What is the greatest common factor of n and 220?
55
Suppose -303 = -51*m + 61 + 1268. What is the greatest common factor of 212 and m?
4
Let b = -3267 - -6887. Calculate the greatest common divisor of b and 80.
20
Suppose -5*q = -5*c - 10760, 8650 = 4*q - 334*c + 337*c. What is the highest common divisor of 26 and q?
26
Suppose 27*o + 468 = 39*o. Let k be (5/50*104)/((-2)/(-60)). What is the highest common divisor of o and k?
39
Let c(b) = -b - 7. Let d be c(-7). Suppose d = -r - 0*r + 5. Suppose -3*g + 61 = 2*x, 2*x = -0*x + r*g + 101. What is the greatest common divisor of 342 and x?
38
Suppose -14*s + 16*s - 308 = 0. Suppose -s = -22*n - 44. Let v = -8 + 13. What is the highest common divisor of n and v?
5
Let p(v) = 11*v**3 + 2*v**2 - 15*v + 33. Let m be p(2). Calculate the highest common factor of 44 and m.
11
Let z(h) = -40*h + 226. Let q be z(-18). Calculate the highest common divisor of 22 and q.
22
Let g be 52/208 - 259/(-4). Calculate the greatest common factor of 832 and g.
13
Let a(j) = 2*j**2 + 22*j + 3. Let y be a(-11). Suppose 3*b = -15, 4*i + y*b - 206 = b. Let c = 47 - 29. What is the highest common factor of i and c?
18
Let x(t) = 9*t - 100. Let s(z) = z**3 + 13*z**2 - 33*z - 29. Let r be s(-15). Let b be x(r). Calculate the greatest common factor of b and 242.
22
Let s = 117 + 476. Let m = 868 - s. Calculate the greatest common factor of 25 and m.
25
Suppose -66*i + 13838 - 4730 = 0. Calculate the highest common factor of 102 and i.
6
Let j be 3/(15/(-988)) - 12/30. Let d be (-5)/(-25) + (j/10)/(-1). Calculate the highest common divisor of d and 4.
4
Suppose -3*j - 9 = 0, 6*d + 469 = -3*j + 1582. Calculate the highest common factor of 153 and d.
17
Let u(t) = -t**2 + 6*t + 5. Let o be u(5). Suppose 12*c - 14*c - 4*n + 60 = 0, 4*n = -4*c + 120. What is the greatest common factor of o and c?
10
Let w = 29 + -19. Suppose -5*x = -2*j - 32, -2*j - 4*x = -j - w. Let z be -22*(4 - (-33)/j). Calculate the greatest common factor of 231 and z.
33
Let j be ((16/(